{"id":19,"date":"2018-05-26T12:41:40","date_gmt":"2018-05-26T12:41:40","guid":{"rendered":"http:\/\/localhost\/inace\/?page_id=19"},"modified":"2025-05-13T11:01:27","modified_gmt":"2025-05-13T09:01:27","slug":"legislacao","status":"publish","type":"page","link":"https:\/\/www.inace.gov.mz\/?page_id=19","title":{"rendered":"Legisla\u00e7\u00e3o"},"content":{"rendered":"\n<p><\/p>\n\n\n\n<table style=\"width:100%;\">\n<tbody><tr style=\"color:#fff;text-align:center;font-weight:bold;background:#15a397;\">\n<td>Documento<\/td>\n\n<td style=\"width:64px\"><\/td>\n<\/tr>\n<tr style=\"border:1px solid #15a397;\">\n<td style=\"padding-left:10px;\">Pol\u00edtica da Di\u00e1spora do INACE, IP<\/td>\n<td><a href=\"http:\/\/www.inace.gov.mz\/wp-content\/uploads\/2025\/05\/Politica-da-Diaspora-BR_236_I_SERIE_2024.pdf\"><img src=\"http:\/\/www.inace.gov.mz\/wp-content\/uploads\/2020\/08\/pdf-258x300.png\" draggable=\"false\" alt=\"\"><\/a><\/td>\n<\/tr>\n<tr style=\"border:1px solid #15a397;\">\n<td style=\"padding-left:10px;\">Estatuto Organico do INACE<\/td>\n<td><a href=\"http:\/\/www.inace.gov.mz\/wp-content\/uploads\/2020\/08\/Estatuto-Organico-do-INACE.pdf\"><img src=\"http:\/\/www.inace.gov.mz\/wp-content\/uploads\/2020\/08\/pdf-258x300.png\" draggable=\"false\" alt=\"\"><\/a><\/td>\n<\/tr><tr>\n<td style=\"padding-left:10px;\">Regulamento Interno do INACE<\/td>\n<td><a href=\"http:\/\/www.inace.gov.mz\/wp-content\/uploads\/2020\/08\/Regulamento-Interno-do-INACE-Diploma-88.2015.pdf\"><img src=\"http:\/\/www.inace.gov.mz\/wp-content\/uploads\/2020\/08\/pdf-258x300.png\" draggable=\"false\" alt=\"\"><\/a><\/td>\n<\/tr>\n<tr>\n<td style=\"padding-left:10px;\">Decreto de Conforma\u00e7\u00e3o do INACE, IP<\/td>\n<td><a href=\"http:\/\/www.inace.gov.mz\/wp-content\/uploads\/2024\/08\/Decreto-44-INACE-IP-2023-08-03-no-149.pdf\"><img src=\"http:\/\/www.inace.gov.mz\/wp-content\/uploads\/2020\/08\/pdf-258x300.png\" draggable=\"false\" alt=\"\"><\/a><\/td>\n<\/tr>\n<tr>\n<td style=\"padding-left:10px;\">Regras Gerais do Desembara\u00e7o Aduaneiro<\/td>\n<td><a href=\"http:\/\/www.inace.gov.mz\/wp-content\/uploads\/2024\/08\/Decreto_37_2023-1-1.pdf\"><img src=\"http:\/\/www.inace.gov.mz\/wp-content\/uploads\/2020\/08\/pdf-258x300.png\" draggable=\"false\" alt=\"\"><\/a><\/td>\n<\/tr>\n<tr>\n<td style=\"padding-left:10px;\">Lei do Regime Aduaneiro Aplicavel aos Mineiros<\/td>\n<td><a href=\"http:\/\/www.inace.gov.mz\/wp-content\/uploads\/2020\/08\/Lei-do-Regime-Aduaneiro-Aplicavel-aos-Mineiros.pdf\"><img src=\"http:\/\/www.inace.gov.mz\/wp-content\/uploads\/2020\/08\/pdf-258x300.png\" draggable=\"false\" alt=\"\"><\/a><\/td>\n<\/tr>\n<tr>\n<td style=\"padding-left:10px;\">Regulamento do Regime Aduaneiro Aplicavel aos Mineiros<\/td>\n<td><a href=\"http:\/\/www.inace.gov.mz\/wp-content\/uploads\/2020\/08\/Regulamento-do-Regime-Aduaneiro-Aplicavel-aos-Mineiros.pdf\"><img src=\"http:\/\/www.inace.gov.mz\/wp-content\/uploads\/2020\/08\/pdf-258x300.png\" draggable=\"false\" alt=\"\"><\/a><\/td>\n<\/tr>\n<tr>\n<td style=\"padding-left:10px;\">Requisitos para Obtencao de Declara\u00e7\u00e3o para viaturas Importadas por Mineiros<\/td>\n<td><a href=\"http:\/\/www.inace.gov.mz\/wp-content\/uploads\/2020\/08\/Requisitos-para-Obtencao-de-Declaracao-para-viaturas-Importadas-por-Mineiros.pdf\"><img src=\"http:\/\/www.inace.gov.mz\/wp-content\/uploads\/2020\/08\/pdf-258x300.png\" draggable=\"false\" alt=\"\"><\/a><\/td>\n<\/tr>\n<tr>\n<td style=\"padding-left:10px;\">Requisitos para Obten\u00e7\u00e3o de Declara\u00e7\u00e3o para Isen\u00e7\u00e3o para o Emigrante no Geral<\/td>\n<td><a href=\"http:\/\/www.inace.gov.mz\/wp-content\/uploads\/2020\/09\/Requisitos-para-Obtencao-de-Declaracao-para-Isencao-para-o-Emigrante-no-Geral.pdf\"><img src=\"http:\/\/www.inace.gov.mz\/wp-content\/uploads\/2020\/08\/pdf-258x300.png\" draggable=\"false\" alt=\"\"><\/a><\/td>\n<\/tr>\n<\/tbody><\/table>\n","protected":false},"excerpt":{"rendered":"<p>Documento Pol\u00edtica da Di\u00e1spora do INACE, IP Estatuto Organico do INACE Regulamento Interno do INACE Decreto de Conforma\u00e7\u00e3o do INACE,<\/p>\n","protected":false},"author":3,"featured_media":0,"parent":0,"menu_order":0,"comment_status":"closed","ping_status":"closed","template":"","meta":[],"_links":{"self":[{"href":"https:\/\/www.inace.gov.mz\/index.php?rest_route=\/wp\/v2\/pages\/19"}],"collection":[{"href":"https:\/\/www.inace.gov.mz\/index.php?rest_route=\/wp\/v2\/pages"}],"about":[{"href":"https:\/\/www.inace.gov.mz\/index.php?rest_route=\/wp\/v2\/types\/page"}],"author":[{"embeddable":true,"href":"https:\/\/www.inace.gov.mz\/index.php?rest_route=\/wp\/v2\/users\/3"}],"replies":[{"embeddable":true,"href":"https:\/\/www.inace.gov.mz\/index.php?rest_route=%2Fwp%2Fv2%2Fcomments&post=19"}],"version-history":[{"count":49,"href":"https:\/\/www.inace.gov.mz\/index.php?rest_route=\/wp\/v2\/pages\/19\/revisions"}],"predecessor-version":[{"id":546,"href":"https:\/\/www.inace.gov.mz\/index.php?rest_route=\/wp\/v2\/pages\/19\/revisions\/546"}],"wp:attachment":[{"href":"https:\/\/www.inace.gov.mz\/index.php?rest_route=%2Fwp%2Fv2%2Fmedia&parent=19"}],"curies":[{"name":"wp","href":"https:\/\/api.w.org\/{rel}","templated":true}]}}