{"id":156,"date":"2020-10-02T00:57:54","date_gmt":"2020-10-01T22:57:54","guid":{"rendered":"http:\/\/www.inace.gov.mz\/?page_id=156"},"modified":"2020-10-02T01:03:10","modified_gmt":"2020-10-01T23:03:10","slug":"missoes-diplomaticas","status":"publish","type":"page","link":"https:\/\/www.inace.gov.mz\/?page_id=156","title":{"rendered":"Miss\u00f5es Diplom\u00e1ticas"},"content":{"rendered":"\n<figure class=\"wp-block-table\"><table><tbody><tr><td style=\"width:50px;text-align:center;\"><strong>N\u00b0<\/strong><\/td><td><strong>Miss\u00e3o<\/strong><\/td><td><strong>Endere\u00e7o<\/strong><\/td><\/tr><tr><td style=\"width:50px;font-weight:bold;\"><strong>1<\/strong><\/td><td>Consulado Geral de Mo\u00e7ambique em Malawi-Blantyre<\/td><td>C.I- Naperi \u2013 Ndola Crescent P.O.Box 5364 Limbe +265 993002299 +265 885007709 <a href=\"mailto:secretaria.blantyre@gmail.com\">secretaria.blantyre@gmail.com<\/a> &nbsp;<\/td><\/tr><tr><td><strong>2<\/strong><\/td><td>Embaixada e Miss\u00e3o Permanente da Rep\u00fablica de Mo\u00e7ambique na Su\u00ed\u00e7a-Genebra.<\/td><td>Chemin Louis Dunant 17-1202 Geneva +41 22&nbsp;570 24 00 +41 22&nbsp;570 24 08 <a href=\"mailto:mission.mozambique@bluewin.ch\">mission.mozambique@bluewin.ch<\/a> site: <a href=\"http:\/\/www.mozambique-embassy.ch\">www.mozambique-embassy.ch<\/a> &nbsp;<\/td><\/tr><tr><td><strong>3<\/strong><\/td><td>Embaixada da Rep\u00fablica de Mo\u00e7ambique na Ar\u00e1bia Saudita-Riade.<\/td><td>Villa No.1, Ibn Naim Street, Salah Addin Quarter-Riade-Ar\u00e1bia Saudita +966 1 2694209 <a href=\"mailto:embmocriade@gmail.com\">embmocriade@gmail.com<\/a> &nbsp;<\/td><\/tr><tr><td><strong>4<\/strong><\/td><td>Embaixada da Rep\u00fablica de Mo\u00e7ambique nos Emiratos \u00c1rabes Unidos- Abu Dhabi.<\/td><td>VillaNo.2, Karama Street, Zone 2, Section 25 Al Mushrif Abu Dhabi +97124477724\/26 Fax: + 97124477798 <a href=\"mailto:embamocuae@gmail.com\">embamocuae@gmail.com<\/a> &nbsp;<\/td><\/tr><tr><td><strong>5<\/strong><\/td><td>Consulado da Rep\u00fablica de Mo\u00e7ambique em Nelspruit.<\/td><td>19 Hope Street Nelspruit 1200 P.O.Box:6516 +27 13&nbsp;752 7396 +27 13 753 2089 <a href=\"mailto:consulado.nelspruit@minec.gov.mz\">consulado.nelspruit@minec.gov.mz<\/a> &nbsp;<\/td><\/tr><tr><td><strong>6<\/strong><\/td><td>Embaixada da Rep\u00fablica de Mo\u00e7ambique na Rep\u00fablica Federal da Alemanha.<\/td><td>Stromstr.47 D-10551 Berlim +49 30 39876500\/1\/2 Fax:+ 49 30 39876503 info@embassy-of -mozambique.de <a href=\"mailto:emoza@aol.com\">emoza@aol.com<\/a> &nbsp; &nbsp;<\/td><\/tr><tr><td><strong>7<\/strong><\/td><td>Embaixada de Rep\u00fablica de Mo\u00e7ambique na Arg\u00e9lia.<\/td><td>Coop\u00e9rative El Bina, Lote n\u00b003,Rue Hai El Bina, Dely lbrahim, Alger +213(0)23 30 43 97 <a href=\"mailto:ambassadmozambiquealger@yahoo.fr\">ambassadmozambiquealger@yahoo.fr<\/a> <a href=\"mailto:mozambiquealger@gmail.com\">mozambiquealger@gmail.com<\/a> &nbsp;<\/td><\/tr><tr><td><strong>8<\/strong><\/td><td>Alto Comissariado de Mo\u00e7ambique no Reino de Eswatini -Mbabane.<\/td><td>Princess Drive 468, Msebe Road +268 78894640 +268 78054735 +268 78573561 <a href=\"mailto:mozhighmbabane@gmail.com\">mozhighmbabane@gmail.com<\/a> &nbsp;<\/td><\/tr><tr><td><strong>9<\/strong><\/td><td>Alto Comissariado da Rep\u00fablica de Mo\u00e7ambique na Rep\u00fablica&nbsp; Unida da Tanz\u00e2nia-Dar-Es-Salaam.<\/td><td>Garden Ave: n\u00b0 25 Caixa Postal n\u00b09370 Dar es Salaam Tanz\u00e2nia +255 22 2115408 +255 22 2124673 <a href=\"mailto:embamodartz@gmail.com\">embamodartz@gmail.com<\/a> &nbsp;<\/td><\/tr><tr><td><strong>10<\/strong><\/td><td>Embaixada da Rep\u00fablica de Mo\u00e7ambique na Rep\u00fablica Popular da China.<\/td><td>1-7-2 Tayuan Diplomatic Office Bld- Beijing 100600-RP da China +86-10 6532 3664 +86-10 6532 3578 +86-10 6532 0786 ( S.Consular) Fax: +86-10 6532 5189 +86-10 6532 0785 (S.Consular) <a href=\"mailto:embmozbj@126.com\">embmozbj@126.com<\/a> &nbsp;<\/td><\/tr><tr><td><strong>11<\/strong><\/td><td>Embaixada da Rep\u00fablica de Mo\u00e7ambique no Reino da Su\u00e9cia-Estocolmo.<\/td><td>Tingsv\u00e4gen19,9fl.19161 Sollentuna SWEDEN P.O.Box 199 19123 Sollentuna SWEDEN +46 8&nbsp;666 03 50 <a href=\"mailto:info@embassymozambique.se\">info@embassymozambique.se<\/a> Website: <a href=\"http:\/\/www.embassymozambique.se\">www.embassymozambique.se<\/a> &nbsp;<\/td><\/tr><tr><td><strong>12<\/strong><\/td><td>Alto Comissariado da Rep\u00fablica de Mo\u00e7ambique na India-Nova Delhi.<\/td><td>6\/4 Shanti Niketan,110021-Nova Delhi, \u00edndia +91 11 43 399777 <a href=\"mailto:mozembassydel@yahoo.co.in\">mozembassydel@yahoo.co.in<\/a> &nbsp;<\/td><\/tr><tr><td><strong>13<\/strong><\/td><td>Embaixada da Rep\u00fablica de Mo\u00e7ambique em Portugal -Lisboa<\/td><td>Rua Filipe Folque n\u00b010J-3\u00b0 Andar 1050-110 Lisboa +351 217971994 Sec\u00e7\u00e3o Consular: +351 213009000 <a href=\"mailto:lisboa@embamoc.gov.mz\">lisboa@embamoc.gov.mz<\/a> <a href=\"mailto:consular.lisboa@embamoc.gov.mz\">consular.lisboa@embamoc.gov.mz<\/a> &nbsp;<\/td><\/tr><tr><td><strong>14<\/strong><\/td><td>Embaixada da Rep\u00fablica de Mo\u00e7ambique no Reino da Espanha-Madrid.<\/td><td>Calle Alfonso Rodr\u00edguez Santamaria, nr.8, C\u00f3digo Postal 28002 Madrid (EI Viso) +34 91 5773682 Fax: +34 915776705 <a href=\"mailto:emabamoc.madrid@gmail.com\">emabamoc.madrid@gmail.com<\/a> &nbsp;<\/td><\/tr><tr><td><strong>15<\/strong><\/td><td>Embaixada da Rep\u00fablica de Mo\u00e7ambique em Roma-It\u00e1lia.<\/td><td>Via Filippo Corridoni, 14 00195- Roma +39 06 37514675 <a href=\"mailto:sec@ambasciatamozambico.it\">sec@ambasciatamozambico.it<\/a> <a href=\"mailto:dp@ambasciatamozambico.it\">dp@ambasciatamozambico.it<\/a> &nbsp;<\/td><\/tr><tr><td><strong>16<\/strong><\/td><td>Embaixada da Rep\u00fablica de Mo\u00e7ambique nos Estados Unidos da Am\u00e9rica.<\/td><td>1525 New Hampishire Avenue, Washington DC, NW,20036 +1&nbsp;202&nbsp;293-7147\/8 <a href=\"mailto:embamoc@aol.com\">embamoc@aol.com<\/a> &nbsp;<\/td><\/tr><tr><td><strong>17<\/strong><\/td><td>Embaixada da Rep\u00fablica de Mo\u00e7ambique no Jap\u00e3o.<\/td><td>1-33-14,Sakura-Shinmachi,Stagaya-Ku,Tokyo 154-0015 +81-3-5760-6271\/2 Fax: +81-3-5760-6274 <a href=\"mailto:moz.tokyo@embamoc.jp\">moz.tokyo@embamoc.jp<\/a> <a href=\"mailto:moz.consular@embamoc.jp\">moz.consular@embamoc.jp<\/a> &nbsp;<\/td><\/tr><tr><td><strong>18<\/strong><\/td><td>Consulado Geral da Rep\u00fablica de Mo\u00e7ambique na Regi\u00e3o. Administrativa Especial de Macau.<\/td><td>AV. Alameda DR. Carlos D\u2019 Assump\u00e7\u00e3o Cheng Feng Centro Comercial, 21\u00b0Andar-J Macau +853 28508980\/28508970 Fax: +853 28508655<\/td><\/tr><tr><td><strong>19<\/strong><\/td><td>Alto Comissariado de Mo\u00e7ambique Botswana-Gaborone.<\/td><td>Phuti Crescente n\u00b02638 Privat Bag 00215 Botswana-Gaborone +267 3151251 <a href=\"mailto:altocom@btcmail.bw\">altocom@btcmail.bw<\/a> <a href=\"mailto:mozaltocom@gmail.com\">mozaltocom@gmail.com<\/a> &nbsp; &nbsp;<\/td><\/tr><tr><td><strong>20<\/strong><\/td><td>Consulado Geral da Rep\u00fablica de Mo\u00e7ambique-Zanzibar.<\/td><td>Mapinduzi Road-Block-03\/93-kikwajuni-Stone Town-Zanzibar +255 24 22 34&nbsp;031 PBX Caixa Postal :1044 <a href=\"mailto:zanzibar.consulado@yahoo.com\">zanzibar.consulado@yahoo.com<\/a> <a href=\"mailto:zanzibar.consulado@gmail.com\">zanzibar.consulado@gmail.com<\/a> &nbsp;<\/td><\/tr><tr><td><strong>21<\/strong><\/td><td>Embaixada da Rep\u00fablica de Mo\u00e7ambique em Cuba-Havana.<\/td><td>7\u00aa Avenida n\u00b02203,entre calles 22 y 24,Miramar-playa,Havana-Cuba +53 7 2042443 +53 7 2042445 <a href=\"mailto:embamoc.havana@gmail.com\">embamoc.havana@gmail.com<\/a> &nbsp;<\/td><\/tr><tr><td><strong>22<\/strong><\/td><td>Consulado Geral da Rep\u00fablica de Mo\u00e7ambique em Dubai e Emirados do Norte.<\/td><td>Villa Nr 4. Street Nr 52 Jafliya-Dubai, Emiratos \u00c1rabes Unidos +971 4 3988304 +971 4 3988305 Fax:+971 4 388370 mozm2dub@mozam.ae &nbsp;<\/td><\/tr><tr><td><strong>23<\/strong><\/td><td>Embamoc-Cairo.<\/td><td>24,Babel St., off Mosadak, Dokki, Giza +20 2 37605505 +20 2 37486389 Fax: +20 2 37486378 website:http\/\/embamoceg.org\/mozambiceg secretariado@embamoceg.org &nbsp;<\/td><\/tr><tr><td><strong>24<\/strong><\/td><td>Alto Comissariado da Rep\u00fablica de Mo\u00e7ambique no Qu\u00e9nia.<\/td><td>Mimosa Close,nr.54, Runda, Nairobi P.O.Box 66923 +254 20 2221972\/221491 <a href=\"mailto:embamoc.nairobi@gmail.com\">embamoc.nairobi@gmail.com<\/a> &nbsp;<\/td><\/tr><tr><td><strong>25<\/strong><\/td><td>Embaixada da Rep\u00fablica de Mo\u00e7ambique em Han\u00f3i-Embamoc-Hanoi.<\/td><td>Van phuc Diplomatic compound, Building D1, Apartment 108-112,298 Kim Ma, Ba Dinh Distrct,Hanoi +84 24 62684888 <a href=\"mailto:embamoc.han@gmail.com\">embamoc.han@gmail.com<\/a> &nbsp;<\/td><\/tr><tr><td><strong>26<\/strong><\/td><td>Embaixada da Rep\u00fablica de Mo\u00e7ambique em Harare.<\/td><td>152 Herbert Chitepo Avenue +263 242253871\/3 Fax:+263 242253875 embamocharare562gmail.com &nbsp;<\/td><\/tr><tr><td><strong>27<\/strong><\/td><td>Alto Comissariado da Rep\u00fablica de Mo\u00e7ambique na Rep\u00fablica da \u00c1frica do Sul.<\/td><td>529 Edmond Street, Arcadia, Pretoria +27 12 4010300 <a href=\"mailto:highcomm@embamoc.co.za\">highcomm@embamoc.co.za<\/a> &nbsp; &nbsp; &nbsp;<\/td><\/tr><tr><td><strong>28<\/strong><\/td><td>Alto Comissariado da Rep\u00fablica de Mo\u00e7ambique no Reino Unido da Gr\u00e3-Bretanha e Irlanda do Norte.<\/td><td>The High commission of the Republic of Mozambique,21 Fitzroy Square, London, W1T6EL +44 2073833800 <a href=\"http:\/\/www.mozambiquehighcommission.org.uk\">www.mozambiquehighcommission.org.uk<\/a> <a href=\"mailto:sectorconsular@mozambiquehc.com\">sectorconsular@mozambiquehc.com<\/a> &nbsp;<\/td><\/tr><tr><td><strong>29<\/strong><\/td><td>Consulado da Rep\u00fablica de Mo\u00e7ambique na Cidade do Cabo.<\/td><td>47 on Strand, Strand Street,3rd,3rd Floor, Flat 305 8001 Cape Town-RSA +27 214182131 <a href=\"mailto:mozambiqueconsulatecpt@telkom.net\">mozambiqueconsulatecpt@telkom.net<\/a> &nbsp;<\/td><\/tr><tr><td><strong>30<\/strong><\/td><td>Consulado Geral da Rep\u00fablica de Mo\u00e7ambique em Johannesburg.<\/td><td>95 Oxford Road Saxonwold-Rosebank +27113275704\/05\/07\/09\/12 cgeral@mozjhb.co.za &nbsp;<\/td><\/tr><tr><td><strong>31<\/strong><\/td><td>Embaixada da Rep\u00fablica de Mo\u00e7ambique em Angola.<\/td><td>Rua Salvador Alende, 53\/55, Bairro Maculusso,Luanda +244-222 390828\/222331158 Fax:+244-222 332883\/222322250 <a href=\"mailto:embamoc.angola@minec.gov\">embamoc.angola@minec.gov<\/a>.mz <a href=\"mailto:embamoc.lda@netangola.com\">embamoc.lda@netangola.com<\/a> &nbsp;<\/td><\/tr><tr><td><strong>32<\/strong><\/td><td>Embaixada da Rep\u00fablica de Mo\u00e7ambique na Eti\u00f3pia<\/td><td>Chancelaria: Sub City, kebele 05,Addis-Abeba +251&nbsp;116 633811\/12 Fax:+251&nbsp;116&nbsp;621 540 <a href=\"mailto:Embamc-add@ethiopia.net.et\">Embamc-add@ethiopia.net.et<\/a> <a href=\"mailto:Embamoc.etiopia@minec.gov.mz\">Embamoc.etiopia@minec.gov.mz<\/a> &nbsp;<\/td><\/tr><tr><td><strong>33<\/strong><\/td><td>Alto Comissariado da Rep\u00fablica de Mo\u00e7ambique na Z\u00e2mbia.<\/td><td>9592 Kacha Road p.o.BAOX 34877 Northmead,Luzaka +260 1&nbsp;239&nbsp;135\/220\/333\/220339 Fax:+260 1&nbsp;220 345 <a href=\"mailto:mozhelsc@zamnet.zm\">mozhelsc@zamnet.zm<\/a> <a href=\"mailto:embamoc.zambia@minec.gov.mz\">embamoc.zambia@minec.gov.mz<\/a> &nbsp;<\/td><\/tr><tr><td><strong>34<\/strong><\/td><td>Embaixada da Rep\u00fablica de Mo\u00e7ambique na Fran\u00e7a.<\/td><td>82,Rue Laugiier,75017, Paris +33 1 47649132 Fax: +33 1 44159013\/42673828 <a href=\"mailto:Embamoc.franca@minec.gov.mz\">Embamoc.franca@minec.gov.mz<\/a> &nbsp;<\/td><\/tr><tr><td><strong>35<\/strong><\/td><td>Embaixada da Rep\u00fablica de Mo\u00e7ambique na da Rep\u00fablica Federativa do Brasil.<\/td><td>SHIS QL 06,Conjunto 04,Casa 02, Lago Sul, CEP:71.620-045 Bras\u00edlia, Distrito Federal +55 61 31 062800\/03 Fax: 55 6132483917 <a href=\"mailto:emgabinetedoembaixador@mozambiqu.org.br\">emgabinetedoembaixador@mozambiqu.org.br<\/a> <a href=\"mailto:secretariadoembaixador@mzanbique.org.br\">secretariadoembaixador@mzanbique.org.br<\/a> <a href=\"http:\/\/www.mozambique.org\">www.mozambique.org<\/a>.br &nbsp; &nbsp;<\/td><\/tr><tr><td><strong>36<\/strong><\/td><td>Embaixada da Rep\u00fablica de Mo\u00e7ambique na Indon\u00e9sia.<\/td><td>Wisma GKBI 37\u00b0 Andar, Apart. 3709JI.Jend.sudirman n\u00b028 jacarta-10210 +62 21&nbsp;574 0901 Fax: 62 21&nbsp;574 0907 <a href=\"mailto:embamoc@cbn.net.id\">embamoc@cbn.net.id<\/a> &nbsp;<\/td><\/tr><tr><td><strong>37<\/strong><\/td><td>Alto Comissariado da Rep\u00fablica de Mo\u00e7ambique na Rep\u00fablica da Z\u00e2mbia Lusaka.<\/td><td>Kacha Road,Northmead; p.o.Box 34877,PLOT 9592 +260 211220333 <a href=\"mailto:Embamoc.zambia@gmail.com\">Embamoc.zambia@gmail.com<\/a> &nbsp;<\/td><\/tr><tr><td><strong>38<\/strong><\/td><td>Embaixada da Rep\u00fablica de Mo\u00e7ambique nos Reinos da B\u00e9lgica, dos pa\u00edses Baixos, Grande-Ducado de Luxemburgo e Miss\u00e3o Permanente junto \u00e1 Uni\u00e3o Europeia.<\/td><td>AV. Boulevad Saint&nbsp; n\u00b097,1040 Etterbeek Brussels-Begium +32027350198 +32027360096 secretariat@embassyofmozambique info@embassyofmozambique &nbsp;<\/td><\/tr><\/tbody><\/table><\/figure>\n","protected":false},"excerpt":{"rendered":"<p>N\u00b0 Miss\u00e3o Endere\u00e7o 1 Consulado Geral de Mo\u00e7ambique em Malawi-Blantyre C.I- Naperi \u2013 Ndola Crescent P.O.Box 5364 Limbe +265 993002299<\/p>\n","protected":false},"author":3,"featured_media":0,"parent":0,"menu_order":0,"comment_status":"closed","ping_status":"closed","template":"","meta":[],"_links":{"self":[{"href":"https:\/\/www.inace.gov.mz\/index.php?rest_route=\/wp\/v2\/pages\/156"}],"collection":[{"href":"https:\/\/www.inace.gov.mz\/index.php?rest_route=\/wp\/v2\/pages"}],"about":[{"href":"https:\/\/www.inace.gov.mz\/index.php?rest_route=\/wp\/v2\/types\/page"}],"author":[{"embeddable":true,"href":"https:\/\/www.inace.gov.mz\/index.php?rest_route=\/wp\/v2\/users\/3"}],"replies":[{"embeddable":true,"href":"https:\/\/www.inace.gov.mz\/index.php?rest_route=%2Fwp%2Fv2%2Fcomments&post=156"}],"version-history":[{"count":6,"href":"https:\/\/www.inace.gov.mz\/index.php?rest_route=\/wp\/v2\/pages\/156\/revisions"}],"predecessor-version":[{"id":292,"href":"https:\/\/www.inace.gov.mz\/index.php?rest_route=\/wp\/v2\/pages\/156\/revisions\/292"}],"wp:attachment":[{"href":"https:\/\/www.inace.gov.mz\/index.php?rest_route=%2Fwp%2Fv2%2Fmedia&parent=156"}],"curies":[{"name":"wp","href":"https:\/\/api.w.org\/{rel}","templated":true}]}}