{"id":13,"date":"2018-05-26T12:35:06","date_gmt":"2018-05-26T12:35:06","guid":{"rendered":"http:\/\/localhost\/inace\/?page_id=13"},"modified":"2020-08-19T21:30:53","modified_gmt":"2020-08-19T21:30:53","slug":"quem-somos","status":"publish","type":"page","link":"https:\/\/www.inace.gov.mz\/","title":{"rendered":"INACE"},"content":{"rendered":"<p><span style=\"font-size: inherit;\"><div data-post-id='44' class='insert-page insert-page-44 '>\n<p>A situa\u00e7\u00e3o dos emigrantes mo\u00e7ambicanos tem sido uma preocupa\u00e7\u00e3o do Governo da Rep\u00fablica de Mo\u00e7ambique, e havendo necessidade de um ponto de contacto permanente com o emigrante mais eficaz e que garanta a protec\u00e7\u00e3o dos seus interesses, foi aprovado o Decreto 44\/89 de 28 de Dezembro que cria o Instituto Nacional de Apoio aos Emigrantes abreviadamente designado por INAME e aprova o respectivo Estatuto Org\u00e2nico.<\/p>\n\n\n\n<p> Devido a necessidade de alterar a designa\u00e7\u00e3o e adequar a natureza e atribui\u00e7\u00f5es do Estatuto Org\u00e2nico do INAME o Decreto 44\/89 de 28 de Dezembro foi revogado e aprovado Estatuto Org\u00e2nico do Instituto Nacional para as Comunidades Mo\u00e7ambicanas no Exterior, INACE pelo Decreto 42\/2004 de 29 de Setembro.<\/p>\n<\/div><\/span><\/p>\n<p><strong>Natureza<\/strong><\/p>\n<p><span style=\"font-size: inherit;\"><div data-post-id='49' class='insert-page insert-page-49 '>\n<p>O Instituto Nacional Para as Comunidades Mo\u00e7ambicanas no Exterior\u00a0 \u00e9 uma institui\u00e7\u00e3o p\u00fablica, subordinada ao Minist\u00e9rio dos Neg\u00f3cios Estrangeiros e Coopera\u00e7\u00e3o, e realiza as suas actividades no estrangeiro atrav\u00e9s das Miss\u00f5es Diplom\u00e1ticas e Consulares da Rep\u00fablica de Mo\u00e7ambique.<\/p>\n<\/div><\/span><\/p>\n<p><strong>Miss\u00e3o<\/strong><\/p>\n<p><span style=\"font-size: inherit;\"><div data-post-id='52' class='insert-page insert-page-52 '>\n<p>Promover o apoio as comunidades mo\u00e7ambicanas na di\u00e1spora nomeadamente, emigrantes mo\u00e7ambicanos singulares ou organizados em Associa\u00e7\u00f5es.<\/p>\n<\/div><\/span><\/p>\n<p><strong>Vis\u00e3o\u00a0<\/strong><\/p>\n<p><span style=\"font-size: inherit;\"><div data-post-id='54' class='insert-page insert-page-54 '>\n<p>Ser uma entidade que promova e incentive o esp\u00edrito de associativismo como meio de aprofundar a unidade nacional, cultural e de identidade com o pa\u00eds, uma entidade que promova e execute programas que contribuam para a melhoria da situa\u00e7\u00e3o econ\u00f3mica, social e cultural das Comunidades Mo\u00e7ambicanas no Exterior.<\/p>\n<\/div><\/span><\/p>\n","protected":false},"excerpt":{"rendered":"<p>Natureza Miss\u00e3o Vis\u00e3o\u00a0<\/p>\n","protected":false},"author":3,"featured_media":0,"parent":0,"menu_order":0,"comment_status":"closed","ping_status":"closed","template":"","meta":[],"_links":{"self":[{"href":"https:\/\/www.inace.gov.mz\/index.php?rest_route=\/wp\/v2\/pages\/13"}],"collection":[{"href":"https:\/\/www.inace.gov.mz\/index.php?rest_route=\/wp\/v2\/pages"}],"about":[{"href":"https:\/\/www.inace.gov.mz\/index.php?rest_route=\/wp\/v2\/types\/page"}],"author":[{"embeddable":true,"href":"https:\/\/www.inace.gov.mz\/index.php?rest_route=\/wp\/v2\/users\/3"}],"replies":[{"embeddable":true,"href":"https:\/\/www.inace.gov.mz\/index.php?rest_route=%2Fwp%2Fv2%2Fcomments&post=13"}],"version-history":[{"count":13,"href":"https:\/\/www.inace.gov.mz\/index.php?rest_route=\/wp\/v2\/pages\/13\/revisions"}],"predecessor-version":[{"id":426,"href":"https:\/\/www.inace.gov.mz\/index.php?rest_route=\/wp\/v2\/pages\/13\/revisions\/426"}],"wp:attachment":[{"href":"https:\/\/www.inace.gov.mz\/index.php?rest_route=%2Fwp%2Fv2%2Fmedia&parent=13"}],"curies":[{"name":"wp","href":"https:\/\/api.w.org\/{rel}","templated":true}]}}

<p><span style="font-size: inherit;"><div data-post-id='44' class='insert-page insert-page-44 '>
<p>A situação dos emigrantes moçambicanos tem sido uma preocupação do Governo da República de Moçambique, e havendo necessidade de um ponto de contacto permanente com o emigrante mais eficaz e que garanta a protecção dos seus interesses, foi aprovado o Decreto 44/89 de 28 de Dezembro que cria o Instituto Nacional de Apoio aos Emigrantes abreviadamente designado por INAME e aprova o respectivo Estatuto Orgânico.</p>



<p> Devido a necessidade de alterar a designação e adequar a natureza e atribuições do Estatuto Orgânico do INAME o Decreto 44/89 de 28 de Dezembro foi revogado e aprovado Estatuto Orgânico do Instituto Nacional para as Comunidades Moçambicanas no Exterior, INACE pelo Decreto 42/2004 de 29 de Setembro.</p>
</div></span></p>
<p><strong>Natureza</strong></p>
<p><span style="font-size: inherit;"><div data-post-id='49' class='insert-page insert-page-49 '>
<p>O Instituto Nacional Para as Comunidades Moçambicanas no Exterior  é uma instituição pública, subordinada ao Ministério dos Negócios Estrangeiros e Cooperação, e realiza as suas actividades no estrangeiro através das Missões Diplomáticas e Consulares da República de Moçambique.</p>
</div></span></p>
<p><strong>Missão</strong></p>
<p><span style="font-size: inherit;"><div data-post-id='52' class='insert-page insert-page-52 '>
<p>Promover o apoio as comunidades moçambicanas na diáspora nomeadamente, emigrantes moçambicanos singulares ou organizados em Associações.</p>
</div></span></p>
<p><strong>Visão </strong></p>
<p><span style="font-size: inherit;"><div data-post-id='54' class='insert-page insert-page-54 '>
<p>Ser uma entidade que promova e incentive o espírito de associativismo como meio de aprofundar a unidade nacional, cultural e de identidade com o país, uma entidade que promova e execute programas que contribuam para a melhoria da situação económica, social e cultural das Comunidades Moçambicanas no Exterior.</p>
</div></span></p>

<p>Natureza Missão Visão </p>
